. Let u = 184 + b. Let g = u + 295. Calculate the remainder when g is divided by 35.
32
Let v(z) be the third derivative of 1/3*z**4 - 1/120*z**6 + 1/10*z**5 + 1/6*z**3 + 20*z**2 + 0 + 0*z. Calculate the remainder when 71 is divided by v(7).
7
Let f be ((-4)/(-8))/(5/150). Suppose -5*m + 4*o = -77, 45*o = 50*o + f. What is the remainder when 24 is divided by m?
11
Calculate the remainder when 94108/21 + 46 - 1/3 is divided by 23.
19
What is the remainder when (-12 + (-9609)/(-21))*7 is divided by 24?
23
Suppose -4*f + 185 = 85. Suppose -29 - 49 = -3*c. Let q = c - 13. Calculate the remainder when f is divided by q.
12
Suppose -318 = -j - j. Calculate the remainder when j is divided by (-40)/(-28)*(-28)/(-100) + 266/10.
24
Suppose 3*y = -5*v + 157, 4*y - 2*v - 188 = 2*v. Suppose 3*r - 92 = y. Calculate the remainder when 88 is divided by r.
41
Let y(b) = -49*b + 317. What is the remainder when 596 is divided by y(6)?
21
Let h be (-1 - -3) + -3 - -16865. Let g be h/80 - (-4)/(-5). Suppose 5*l = 3*n + 644, -5*l - n = -g - 442. What is the remainder when l is divided by 44?
42
Suppose -17*q = 18*q + 30 - 65. Let f(j) = -8*j - 3. Let y be f(-2). Suppose q = i - y. What is the remainder when 24 is divided by i?
10
Suppose 47*j - 51*j = -32. Suppose -2*o = 3*o + 10, -n - o + 40 = 0. What is the remainder when n is divided by 0 + 0 - (-18 + j)?
2
Let j(k) = -6*k**3 - 59*k - 368. What is the remainder when j(-6) is divided by 1274?
8
Let l = -2740 - -2884. Calculate the remainder when 560 is divided by l.
128
Let j be (-1)/1 + (1048 + 0)/2. Let z = j - 479. Calculate the remainder when 116 is divided by z.
28
Suppose 2*n + 16*a - 85 - 655 = 0, 3*n = -5*a + 844. What is the remainder when n is divided by (-443)/(-7) - 4/14?
6
Suppose -22*a = -20*a - 952. Suppose -a = -2*l - 250. What is the remainder when l is divided by 39?
35
Calculate the remainder when 309 is divided by (66/(-55))/((-10)/225).
12
Calculate the remainder when 368 is divided by ((-551)/95 - (-5 - 2))/(1/55).
38
Let a(i) = -65*i + 2. Let c be a(-8). Suppose 0 = 5*f + 4*r - c, f = 2*r + 119 - 9. Calculate the remainder when f is divided by ((-45)/3)/(-5)*4.
10
Let a = -73 - -78. Let x(v) = -v + 48. Calculate the remainder when x(a) is divided by 24.
19
Calculate the remainder when ((-5)/2)/(40/(-2656)) is divided by 157.
9
Suppose -7*o - 2253 + 759 = -3*b, 3*o + 2030 = 4*b. What is the remainder when b is divided by 7?
1
Let y = -20106 + 41427. Calculate the remainder when y is divided by 12.
9
Suppose -4181*m = -3942*m - 24856. Suppose 2*r + 1495 = 7*r. What is the remainder when r is divided by m?
91
Suppose -2*n = -a - 4*a - 7, -a + 1 = -n. Suppose -5*v = -3*v + 2*y - 124, -3*v = 5*y - 180. Calculate the remainder when v is divided by 744/54 + -3 - n/18.
10
Suppose 5*u - 110 = -35. Suppose o - u = 118. Suppose 0 = -42*p + 39*p + 81. Calculate the remainder when o is divided by p.
25
Let d = -7219 - -8968. What is the remainder when d is divided by 159?
0
Let s = -2 - -7. Suppose d = s*w + 2*d - 80, 85 = 5*w + 2*d. Calculate the remainder when (118/7)/(8/336*6) is divided by w.
13
Let t(a) = 61*a**2 + 3*a + 1. Let d be t(2). Let o = -236 + d. Calculate the remainder when o is divided by 15.
0
Let j(x) = 4*x**2 - 297*x - 444. What is the remainder when j(77) is divided by 188?
27
Let s be (-8)/((-4)/(-2)) + (5 - -12). Let b = 13 - s. Suppose b = 30*i - 35*i + 75. What is the remainder when 58 is divided by i?
13
Let m(x) = -3*x - 6. Let i be m(-5). Let o(h) = -24*h + 228. What is the remainder when 131 is divided by o(i)?
11
Let m = 6580 - 6419. Calculate the remainder when 3695 is divided by m.
153
Suppose -380 = -24*b - 1628. Suppose -r - 13 = -2*z, -5*r + 2*r - 23 = -2*z. Calculate the remainder when 4*(b/16)/((-1)/z) is divided by 18.
16
Suppose 33*y = 39*y + 96. Let u = y + 73. Calculate the remainder when u is divided by 20.
17
Suppose 5 = 2*i - t, -4*i + 7*i - 4*t - 5 = 0. Suppose -3*a - 4 = i*d - 226, -2*d = -4. Suppose y - 4*y = -a. What is the remainder when 46 is divided by y?
22
Suppose 3*i - 6*k - 1427 = -2*k, 0 = -5*i + 5*k + 2370. Suppose 0 = -g - 6*g + i. Calculate the remainder when g is divided by 14.
11
Suppose 2*m - 5*m = 2*h - 28, -2*h + m = -28. Let w = 67 - h. Suppose -5*r + 46 = -4*t, 10 = -r - 3*t + 4. Calculate the remainder when w is divided by r.
5
Let n be 24/(-8) - -4 - -3. Suppose 0 = -n*p - 12, -2*q = 9*p - 11*p - 226. What is the remainder when q is divided by 19?
15
Let u(f) be the second derivative of f**4/4 + 4*f**3/3 - 25*f**2/2 - 75*f. What is the remainder when u(6) is divided by 45?
41
Let f = -15303 - -15421. Suppose -12 = 2*p - 58. Calculate the remainder when f is divided by p.
3
Suppose 1160 = -11*n + 21*n. Calculate the remainder when n is divided by 60.
56
Suppose 52*t + 15 = 49*t, -5*t + 2804 = 3*c. What is the remainder when c is divided by 59?
58
Let u = 6274 + -5893. What is the remainder when u is divided by 11?
7
Let n be (4 - 24/6)/2. Suppose n = 4*f - 8*x + 12*x - 56, x + 28 = 2*f. Calculate the remainder when 48 is divided by f.
6
Suppose 1406*p = 1390*p + 608. Calculate the remainder when 257 is divided by p.
29
Let o(y) = -2*y**2 + 9 + 4*y + 5*y**2 - 38*y + 3*y**2. What is the remainder when 104 is divided by o(6)?
20
Let o(g) = -2*g**3 - 6*g**2 + 20*g + 5. Let d be o(-5). Suppose d*h - 2300 = -5*n, -3*h - 7*n = -3*n - 1379. Calculate the remainder when h is divided by 29.
26
Let w(l) = l**3 + 7*l**2 + 6*l + 1. Suppose z = 4*u - 0*u - 20, -4 = z. Suppose -49 = -u*h - 69. What is the remainder when w(h) is divided by 10?
1
Suppose 0 = 2*c + 5*n + 168, 307 = -4*c - 4*n - 53. Let g = c - -165. Calculate the remainder when g is divided by 37.
34
Let g(i) = -4*i**3 + 22*i**2 + 10*i - 12. What is the remainder when 199 is divided by g(5)?
23
Let d(t) = 10*t - 34. Calculate the remainder when d(19) is divided by (-5 - 4)*((1 - -1) + -11).
75
Suppose 0 = -28*q + 29*q - 54. Let g be 6*2/3 - -1. Suppose -g*h - 39 + 109 = 0. What is the remainder when q is divided by h?
12
Let j(n) = -3*n - 81. Let c be j(-15). Calculate the remainder when 1479/27 - 4/(-18) is divided by 63/6 + c/(-24).
7
Suppose 3*a - 68 = 5*x - 13, 4*a - 3*x - 55 = 0. Calculate the remainder when -6 - (-4 - (13 + 6)) is divided by a.
7
Suppose 13*z = l - 473, -4*l = 2*z - 3*z - 2147. Calculate the remainder when l is divided by 77.
76
Suppose 22*f + 3728 = 30*f. Suppose 1280 - f = 11*u. Calculate the remainder when 142 is divided by u.
68
Suppose -4*o + 1812 = 5*u, -u - 13*o + 10*o + 358 = 0. Suppose 0 = -17*l + 15*l + 146. Calculate the remainder when u is divided by l.
72
Suppose -8159*p + 8163*p = 220. Let g(q) = q**3 + q**2 - q - 31. Let z be g(0). Let d = z - -52. What is the remainder when p is divided by d?
13
Suppose -10*x = -3*z - 7*x + 3, 4 = 3*z - 2*x. Suppose -2*d - 82 = -5*d - 5*k, 0 = -z*d - 3*k + 53. Calculate the remainder when 225 is divided by d.
16
Let f be (3/1)/(-3) - -5. Suppose f*p - 23 = -t, -3*t + 0*p + 2*p + 27 = 0. What is the remainder when t is divided by (-2)/(36/(-141)) + (-12)/(-72)?
3
Let a(z) be the third derivative of z**6/120 + 5*z**5/12 + 11*z**4/4 + z**3/6 - 198*z**2. Calculate the remainder when a(-21) is divided by 77.
71
Suppose j = -62*z + 58*z + 767, -z - 3*j = -189. Calculate the remainder when z is divided by 116.
76
Let o = 2624 - 2508. What is the remainder when o is divided by 70?
46
Suppose -82*a - 192 = -41*a - 53*a. Suppose -4*w + 9 = -3. Calculate the remainder when a is divided by w.
1
Let w = -43 - -78. Suppose -3*f = -0*n - 4*n + w, 5*n + 5*f = 0. Let k(p) = -p**3 + 7*p**2 - 3*p - 12. Calculate the remainder when 64 is divided by k(n).
18
Let n(o) = o**3 - 2*o**2 - 13*o - 3. Let s be n(5). Calculate the remainder when (-23*s)/((-8)/16) is divided by 25.
22
Suppose 2253 + 1266 = 153*l. Suppose b - 65 = 17. Suppose -340 = -4*z - 5*j, z - 2*j - b - 16 = 0. What is the remainder when z is divided by l?
21
What is the remainder when 31 - (3 + -4 + 4) is divided by 21/((-132)/(-11) - 11)?
7
Let u(v) = -v**2 - 8*v - 9. Let c(m) = 5*m**2 + 30*m - 6. Let t be c(-6). What is the remainder when 5 is divided by u(t)?
2
Suppose -27*j = -29*j + 12. Let u(v) = -2*v - 10. Let h be u(-7). Suppose -h*y + 108 = 4*s, 2*y = -0*s + s 